{"id":8296,"date":"2026-04-07T19:21:10","date_gmt":"2026-04-07T19:21:10","guid":{"rendered":"https:\/\/duckrabbit.sonnys.work\/product\/fabian-luce-notturna\/"},"modified":"2026-04-07T19:21:56","modified_gmt":"2026-04-07T19:21:56","slug":"fabian-luce-notturna","status":"publish","type":"product","link":"https:\/\/staging.duckrabbit.ch\/it\/product\/fabian-luce-notturna\/","title":{"rendered":"Fabian &#8211; Luce Notturna"},"content":{"rendered":"<p>    Opinione dell&#8217;esperto<br \/>\n    Cette veilleuse LED, au design r\u00e9confortant, est un pr\u00e9cieux compagnon pour aider \u00e0 r\u00e9guler les \u00e9motions.<\/p>\n<p>Les objets transitionnels tels que cette veilleuse, jouent un r\u00f4le significatif dans le r\u00e9confort et la stabilit\u00e9 \u00e9motionnelle, surtout pour les enfants. En offrant une source de lumi\u00e8re douce et apaisante, cette veilleuse cr\u00e9e un environnement rassurant et confortable qui aide \u00e0 calmer les \u00e9motions tumultueuses et favorise un sommeil r\u00e9parateur.<\/p>\n<p>De plus, le contr\u00f4le offert par le bouton marche\/arr\u00eat permet aux enfants de d\u00e9velopper un sentiment d&#x27;autonomie et de contr\u00f4le sur leur environnement, renfor\u00e7ant leur capacit\u00e9 \u00e0 r\u00e9guler leurs \u00e9motions de mani\u00e8re autonome.<\/p>\n","protected":false},"excerpt":{"rendered":"<p>Questa allegra luce notturna a LED \u00e8 ricaricabile tramite USB e cambia colore toccando la sua parte posteriore. Puoi impostare la luce notturna perch\u00e9 si spenga automaticamente dopo 15 minuti o scegliere di lasciarla accesa tutta la notte, entrambe le opzioni sono disponibili tramite il pulsante di accensione\/spegnimento. La sua texture morbida permette ai bambini di abbracciarla in sicurezza prima di essere cullati nel sonno!<\/p>\n","protected":false},"featured_media":8305,"comment_status":"closed","ping_status":"closed","template":"","meta":{"_acf_changed":false},"product_brand":[],"product_cat":[847,1123],"product_tag":[],"class_list":{"0":"post-8296","1":"product","2":"type-product","3":"status-publish","4":"has-post-thumbnail","6":"product_cat-emozioni-it","7":"product_cat-sonno-it","9":"first","10":"instock","11":"taxable","12":"shipping-taxable","13":"purchasable","14":"product-type-simple"},"acf":[],"_links":{"self":[{"href":"https:\/\/staging.duckrabbit.ch\/it\/wp-json\/wp\/v2\/product\/8296","targetHints":{"allow":["GET"]}}],"collection":[{"href":"https:\/\/staging.duckrabbit.ch\/it\/wp-json\/wp\/v2\/product"}],"about":[{"href":"https:\/\/staging.duckrabbit.ch\/it\/wp-json\/wp\/v2\/types\/product"}],"replies":[{"embeddable":true,"href":"https:\/\/staging.duckrabbit.ch\/it\/wp-json\/wp\/v2\/comments?post=8296"}],"wp:featuredmedia":[{"embeddable":true,"href":"https:\/\/staging.duckrabbit.ch\/it\/wp-json\/wp\/v2\/media\/8305"}],"wp:attachment":[{"href":"https:\/\/staging.duckrabbit.ch\/it\/wp-json\/wp\/v2\/media?parent=8296"}],"wp:term":[{"taxonomy":"product_brand","embeddable":true,"href":"https:\/\/staging.duckrabbit.ch\/it\/wp-json\/wp\/v2\/product_brand?post=8296"},{"taxonomy":"product_cat","embeddable":true,"href":"https:\/\/staging.duckrabbit.ch\/it\/wp-json\/wp\/v2\/product_cat?post=8296"},{"taxonomy":"product_tag","embeddable":true,"href":"https:\/\/staging.duckrabbit.ch\/it\/wp-json\/wp\/v2\/product_tag?post=8296"}],"curies":[{"name":"wp","href":"https:\/\/api.w.org\/{rel}","templated":true}]}}

<p>    Opinione dell&#8217;esperto<br />
    Cette veilleuse LED, au design réconfortant, est un précieux compagnon pour aider à réguler les émotions.</p>
<p>Les objets transitionnels tels que cette veilleuse, jouent un rôle significatif dans le réconfort et la stabilité émotionnelle, surtout pour les enfants. En offrant une source de lumière douce et apaisante, cette veilleuse crée un environnement rassurant et confortable qui aide à calmer les émotions tumultueuses et favorise un sommeil réparateur.</p>
<p>De plus, le contrôle offert par le bouton marche/arrêt permet aux enfants de développer un sentiment d&#x27;autonomie et de contrôle sur leur environnement, renforçant leur capacité à réguler leurs émotions de manière autonome.</p>

<p>Questa allegra luce notturna a LED è ricaricabile tramite USB e cambia colore toccando la sua parte posteriore. Puoi impostare la luce notturna perché si spenga automaticamente dopo 15 minuti o scegliere di lasciarla accesa tutta la notte, entrambe le opzioni sono disponibili tramite il pulsante di accensione/spegnimento. La sua texture morbida permette ai bambini di abbracciarla in sicurezza prima di essere cullati nel sonno!</p>
